{"id":3,"date":"2022-02-19T12:54:59","date_gmt":"2022-02-19T12:54:59","guid":{"rendered":"https:\/\/strim.si\/trgovina\/?page_id=3"},"modified":"2022-03-15T16:25:52","modified_gmt":"2022-03-15T15:25:52","slug":"splosni-pogoji-poslovanja","status":"publish","type":"page","link":"https:\/\/strim.si\/trgovina\/splosni-pogoji-poslovanja\/","title":{"rendered":"Splo\u0161ni pogoji poslovanja"},"content":{"rendered":"<section class=\"l-section wpb_row height_custom\"><div class=\"l-section-h i-cf\"><div class=\"g-cols vc_row via_grid cols_1 laptops-cols_inherit tablets-cols_inherit mobiles-cols_1 valign_top type_default\"><div class=\"wpb_column vc_column_container\"><div class=\"vc_column-inner\"><div class=\"wpb_text_column\"><div class=\"wpb_wrapper\"><p>Kratko ime: Strim plus d.o.o.<br \/>\nNaslov: Cesta dveh cesarjev 393, 1000 Ljubljana<br \/>\nDejavnost: J 62.030 ~ Upravljanje ra\u010dunalni\u0161kih naprav in sistemov<br \/>\nDav\u010dna \u0161tevilka: 20841698<br \/>\nDav\u010dni zavezanec za DDV: da<br \/>\nMati\u010dna \u0161tevilka: 3363490<br \/>\nDr\u017eava ustanovitve: Slovenija<\/p>\n<p>Varovanje va\u0161e zasebnosti nam je pomembno, zato vam \u017eelimo s temi informacijami pomagati razumeti, katere va\u0161e osebne podatke zbiramo, zakaj jih zbiramo, kako jih uporabljamo, katere postopke obdelave izvajamo ter kak\u0161ne so va\u0161e pravice in kako jih lahko uveljavite.<\/p>\n<h2>1. SPLO\u0160NO<\/h2>\n<p>Strim plus d.o.o., Cesta dveh cesarjev 393, 1000 Ljubljana (v nadaljevanju: upravljavec) se zaveda pomembnosti varovanja osebnih podatkov, zato je to podro\u010dje uskladil z Evropsko uredbo EU 2016\/679 o varstvu posameznikov pri obdelavi osebnih podatkov in o prostem pretoku takih podatkov ter o razveljavitvi Direktive 95\/46\/ES (v nadaljevanju GDPR).<\/p>\n<p>Glavni cilj upravljavca je, da vam ponudi vrhunsko storitev in s tem dose\u017ee va\u0161e optimalno zadovoljstvo. Upravljavcu zbiranje in obdelava nekaterih osebnih podatkov omogo\u010data hitrej\u0161e in bolj\u0161e prilagajanje va\u0161im potrebam in \u017eeljam, vam pa zagotavljata u\u010dinkovitej\u0161o komunikacijo in bolj\u0161o uporabni\u0161ko izku\u0161njo.<\/p>\n<p>Upravljavec skrbno hrani in varuje va\u0161e osebne podatke, da ne bi pri\u0161lo do morebitnih neupravi\u010denih razkritij podatkov nepoobla\u0161\u010denim osebam.<\/p>\n<h2>2. OSEBNI PODATKI<\/h2>\n<p>Skladno z GDPR osebni podatek pomeni katerokoli informacijo v zvezi z dolo\u010denim ali dolo\u010dljivim posameznikom.<\/p>\n<p>Upravljavec zbira in obdeluje izklju\u010dno le tiste va\u0161e osebne podatke, ki ste jih posredovali ob prijavi na dolo\u010deno storitev (prijava na e-novice ali z izpolnitvijo obrazca za neobvezujo\u010de povpra\u0161evanje). Ti osebni podatki so: ime in priimek, podjetje, telefonska \u0161tevilka, e-po\u0161tni naslov in IP naslov.<\/p>\n<p>\u010ce posredujete podatke v imenu nekoga drugega, morate zagotoviti, da je bil ta predhodno obve\u0161\u010den in seznanjen s tem obvestilom o varovanju osebnih podatkov. \u010ce ste mlaj\u0161i od 16 let, osebne podatke posredujte le, \u010de imate za to dovoljenje star\u0161a ali zakonitega zastopnika.<\/p>\n<p>Upravljavec vas napro\u0161a, da zaradi ohranjanja a\u017eurnosti podatkov, sporo\u010dite vsako spremembo svojih kontaktnih podatkov.<\/p>\n<h2>3. VARSTVO OSEBNIH PODATKOV<\/h2>\n<p>Upravljavec osebne podatke uporablja in obdeluje na podlagi veljavne slovenske zakonodaje in prava Evropske unije.<\/p>\n<p>Upravljavec kot upravljavec osebnih podatkov spo\u0161tuje va\u0161o zasebnost in se zavezuje, da bo vse pridobljene osebne podatke skrbno varoval in jih brez va\u0161e privolitve ne bo posredoval tretji osebi oziroma jih uporabil v druge namene, kot v namene, za katere so bili osebni podatki posredovani.<\/p>\n<p>Osebni podatki, ki jih je upravljavec zbral od vas, se lahko prenesejo tretjim osebam, pri \u010demer mora biti zagotovljeno, da obstaja pravna podlaga za prenos (va\u0161e izrecno soglasje ali zakonska dolo\u010dba).<\/p>\n<p>Vsi va\u0161i osebni podatki so shranjeni na varnih stre\u017enikih upravljavca ali na varnih stre\u017enikih podizvajalcev ali poslovnih partnerjev upravljavca (ali v varni tiskani obliki), pri \u010demer se pri dostopu do njih in njihovi uporabi uporabljajo politike in standardi glede varnosti upravljavca.<\/p>\n<p>\u010ceprav pri prenosu podatkov prek spleta ali spletne strani ni mogo\u010de zagotoviti popolne za\u0161\u010dite pred kibernetskimi napadi, si upravljavec s svojimi podizvajalci in poslovnimi partnerji mo\u010dno prizadeva izvajati fizi\u010dne, elektronske in postopkovne za\u0161\u010ditne ukrepe za za\u0161\u010dito va\u0161ih podatkov v skladu z veljavnimi zahtevami glede varstva podatkov.<\/p>\n<p>Dostop do va\u0161ih podatkov je upravljavec omejil na tiste osebe, ki jih potrebujejo za zadevni namen.<\/p>\n<h2>4. \u010cAS HRAMBE OSEBNIH PODATKOV<\/h2>\n<p>Obdobje hrambe osebnih podatkov je odvisno od podlage in namena obdelave posamezne kategorije osebnih podatkov. Osebni podatki se hranijo le toliko \u010dasa, kolikor je to predpisano oziroma dovoljeno ter potrebno za dosego namena, zaradi katerega so se zbirali ali nadalje obdelovali. Osebni podatki se po izpolnitvi namena obdelav, \u010de ne obstaja druga pravna podlaga ali \u010de je to potrebno za uveljavljanje, izvajanje ali obrambo pravnih zahtevkov, izbri\u0161ejo, uni\u010dijo, blokirajo ali anonimizirajo.<\/p>\n<h2>5. VA\u0160E PRAVICE<\/h2>\n<p>Pravico imate, da:<\/p>\n<ul>\n<li>zahtevate, da vam upravljavec zagotovi nadaljnje podrobnosti o tem, kako upravljavec uporablja va\u0161e podatke,<\/li>\n<li>dostopate do va\u0161ih osebnih podatkov in kopij podatkov, ki ste jih posredovali upravljavcu,<\/li>\n<li>prejmete osebne podatke, ki ste jih posredovali upravljavcu, v strukturirani, splo\u0161no uporabljani in strojno berljivi obliki, in pravico, da te podatke brez oviranja posredujete drugemu upravljavcu, kadar je to tehni\u010dno izvedljivo, \u010de obdelava va\u0161ih podatkov temelji na va\u0161i privolitvi ali pogodbi in se izvaja z avtomatiziranimi sredstvi,<\/li>\n<li>od upravljavca zahtevate, da posodobi vse neto\u010dnosti v podatkih, ki jih hrani,<\/li>\n<li>od upravljavca zahtevate, da izbri\u0161e vse podatke, za uporabo katerih nima ve\u010d zakonite podlage,<\/li>\n<li>kadar obdelava temelji na privolitvi in v zvezi s kakr\u0161nim koli neposrednim tr\u017eenjem, prekli\u010dete svoje privolitev z veljavnostjo za naprej, tako da upravljavec preneha z navedeno obdelavo,<\/li>\n<li>ugovarjate kakr\u0161nikoli obdelavi, ki temelji na zakonitih interesih, zaradi va\u0161ih posebnih okoli\u0161\u010din, razen \u010de imajo razlogi upravljavca za navedeno obdelavo prednost pred kakr\u0161nim koli poseganjem v va\u0161e pravice glede varstva podatkov,<\/li>\n<li>od upravljavca zahtevate, da omeji na\u010din, kako uporablja va\u0161e podatke, na primer med prou\u010devanjem prito\u017ebe.<\/li>\n<\/ul>\n<p>Glede uresni\u010devanja teh pravic veljajo nekatere izjeme pri varovanju javnega interesa (npr. prepre\u010devanje ali odkrivanje kaznivih dejanj), interesov upravljavca (npr. zagotavljanje varovanja zaupnosti) ali pravic in svobo\u0161\u010din drugih. \u010ce boste uveljavljali katerokoli od teh pravic, bo upravljavec preverili va\u0161o upravi\u010denost in odgovorili brez nepotrebnega odla\u0161anja, vendar najpozneje v mesecu dni. V zapletenih primerih ali ob prejetju velikega \u0161tevila zahtev, se lahko ta rok podalj\u0161a za nadaljnja dva meseca, o \u010demer vas bo upravljavec obvestil.<\/p>\n<p>Kadarkoli imate pravico vlo\u017eiti prito\u017ebo pri nadzornem organu za varstvo osebnih podatkov: Informacijski poobla\u0161\u010denec, Zalo\u0161ka 59, 1000 Ljubljana.\u00a0<a href=\"http:\/\/www.ip-rs.si\/\">www.ip-rs.si<\/a>.<\/p>\n<h2>6. Upravljavec<\/h2>\n<p>Upravljavec va\u0161ih osebnih podatkov je Strim plus d.o.o., Cesta dveh cesarjev 393, 1000 Ljubljana.<\/p>\n<p>Kontaktni naslov za varstvo va\u0161ih podatkov je info@strim.si.<\/p>\n<p>&nbsp;<\/p>\n<h2>7. Prito\u017ebe in spori<\/h2>\n<p>Ponudnik spo\u0161tuje veljavno zakonodajo o varstvu potro\u0161nikov.<\/p>\n<p>Ponudnik se zaveda, da je bistvena zna\u010dilnost uveljavljanja pravic potro\u0161nikov nesorazmernost med ekonomsko vrednostjo zahtevka in stro\u0161ki, ki nastanejo pri re\u0161evanju samega spora. Zato se ponudnik prizadeva po svojih najbolj\u0161ih mo\u010deh, da se morebitni spori re\u0161ijo sporazumno. V kolikor spora ni mogo\u010de re\u0161iti sporazumno, se sodna pristojnost za re\u0161evanje sporov dolo\u010da po pravilih slovenskega civilno procesnega prava.<\/p>\n<p>&#8220;Vsi pravni spori v zvezi z obdelavo kartic se obravnavajo v skladu z zakonom republike Slovenije.&#8221;<\/p>\n<\/div><\/div><\/div><\/div><\/div><\/div><\/section>\n","protected":false},"excerpt":{"rendered":"Kratko ime: Strim plus d.o.o. Naslov: Cesta dveh cesarjev 393, 1000 Ljubljana Dejavnost: J 62.030 ~ Upravljanje ra\u010dunalni\u0161kih naprav in sistemov Dav\u010dna \u0161tevilka: 20841698 Dav\u010dni zavezanec za DDV: da Mati\u010dna \u0161tevilka: 3363490 Dr\u017eava ustanovitve: Slovenija Varovanje va\u0161e zasebnosti nam je pomembno, zato vam \u017eelimo s temi informacijami pomagati razumeti, katere va\u0161e osebne podatke zbiramo, zakaj...","protected":false},"author":1,"featured_media":0,"parent":0,"menu_order":0,"comment_status":"closed","ping_status":"open","template":"","meta":{"_acf_changed":false,"footnotes":""},"class_list":["post-3","page","type-page","status-publish","hentry"],"acf":[],"yoast_head":"<!-- This site is optimized with the Yoast SEO plugin v22.3 - https:\/\/yoast.com\/wordpress\/plugins\/seo\/ -->\n<title>Splo\u0161ni pogoji poslovanja - Strim plus<\/title>\n<meta name=\"robots\" content=\"index, follow, max-snippet:-1, max-image-preview:large, max-video-preview:-1\" \/>\n<link rel=\"canonical\" href=\"https:\/\/strim.si\/trgovina\/splosni-pogoji-poslovanja\/\" \/>\n<meta property=\"og:locale\" content=\"sl_SI\" \/>\n<meta property=\"og:type\" content=\"article\" \/>\n<meta property=\"og:title\" content=\"Splo\u0161ni pogoji poslovanja - Strim plus\" \/>\n<meta property=\"og:url\" content=\"https:\/\/strim.si\/trgovina\/splosni-pogoji-poslovanja\/\" \/>\n<meta property=\"og:site_name\" content=\"Strim plus\" \/>\n<meta property=\"article:modified_time\" content=\"2022-03-15T15:25:52+00:00\" \/>\n<meta name=\"twitter:card\" content=\"summary_large_image\" \/>\n<meta name=\"twitter:label1\" content=\"Est. reading time\" \/>\n\t<meta name=\"twitter:data1\" content=\"5 minut\" \/>\n<script type=\"application\/ld+json\" class=\"yoast-schema-graph\">{\"@context\":\"https:\/\/schema.org\",\"@graph\":[{\"@type\":\"WebPage\",\"@id\":\"https:\/\/strim.si\/trgovina\/splosni-pogoji-poslovanja\/\",\"url\":\"https:\/\/strim.si\/trgovina\/splosni-pogoji-poslovanja\/\",\"name\":\"Splo\u0161ni pogoji poslovanja - Strim plus\",\"isPartOf\":{\"@id\":\"https:\/\/strim.si\/trgovina\/#website\"},\"datePublished\":\"2022-02-19T12:54:59+00:00\",\"dateModified\":\"2022-03-15T15:25:52+00:00\",\"breadcrumb\":{\"@id\":\"https:\/\/strim.si\/trgovina\/splosni-pogoji-poslovanja\/#breadcrumb\"},\"inLanguage\":\"sl-SI\",\"potentialAction\":[{\"@type\":\"ReadAction\",\"target\":[\"https:\/\/strim.si\/trgovina\/splosni-pogoji-poslovanja\/\"]}]},{\"@type\":\"BreadcrumbList\",\"@id\":\"https:\/\/strim.si\/trgovina\/splosni-pogoji-poslovanja\/#breadcrumb\",\"itemListElement\":[{\"@type\":\"ListItem\",\"position\":1,\"name\":\"Home\",\"item\":\"https:\/\/strim.si\/trgovina\/\"},{\"@type\":\"ListItem\",\"position\":2,\"name\":\"Splo\u0161ni pogoji poslovanja\"}]},{\"@type\":\"WebSite\",\"@id\":\"https:\/\/strim.si\/trgovina\/#website\",\"url\":\"https:\/\/strim.si\/trgovina\/\",\"name\":\"Strim plus\",\"description\":\"spletna trgovina\",\"potentialAction\":[{\"@type\":\"SearchAction\",\"target\":{\"@type\":\"EntryPoint\",\"urlTemplate\":\"https:\/\/strim.si\/trgovina\/?s={search_term_string}\"},\"query-input\":\"required name=search_term_string\"}],\"inLanguage\":\"sl-SI\"}]}<\/script>\n<!-- \/ Yoast SEO plugin. -->","yoast_head_json":{"title":"Splo\u0161ni pogoji poslovanja - Strim plus","robots":{"index":"index","follow":"follow","max-snippet":"max-snippet:-1","max-image-preview":"max-image-preview:large","max-video-preview":"max-video-preview:-1"},"canonical":"https:\/\/strim.si\/trgovina\/splosni-pogoji-poslovanja\/","og_locale":"sl_SI","og_type":"article","og_title":"Splo\u0161ni pogoji poslovanja - Strim plus","og_url":"https:\/\/strim.si\/trgovina\/splosni-pogoji-poslovanja\/","og_site_name":"Strim plus","article_modified_time":"2022-03-15T15:25:52+00:00","twitter_card":"summary_large_image","twitter_misc":{"Est. reading time":"5 minut"},"schema":{"@context":"https:\/\/schema.org","@graph":[{"@type":"WebPage","@id":"https:\/\/strim.si\/trgovina\/splosni-pogoji-poslovanja\/","url":"https:\/\/strim.si\/trgovina\/splosni-pogoji-poslovanja\/","name":"Splo\u0161ni pogoji poslovanja - Strim plus","isPartOf":{"@id":"https:\/\/strim.si\/trgovina\/#website"},"datePublished":"2022-02-19T12:54:59+00:00","dateModified":"2022-03-15T15:25:52+00:00","breadcrumb":{"@id":"https:\/\/strim.si\/trgovina\/splosni-pogoji-poslovanja\/#breadcrumb"},"inLanguage":"sl-SI","potentialAction":[{"@type":"ReadAction","target":["https:\/\/strim.si\/trgovina\/splosni-pogoji-poslovanja\/"]}]},{"@type":"BreadcrumbList","@id":"https:\/\/strim.si\/trgovina\/splosni-pogoji-poslovanja\/#breadcrumb","itemListElement":[{"@type":"ListItem","position":1,"name":"Home","item":"https:\/\/strim.si\/trgovina\/"},{"@type":"ListItem","position":2,"name":"Splo\u0161ni pogoji poslovanja"}]},{"@type":"WebSite","@id":"https:\/\/strim.si\/trgovina\/#website","url":"https:\/\/strim.si\/trgovina\/","name":"Strim plus","description":"spletna trgovina","potentialAction":[{"@type":"SearchAction","target":{"@type":"EntryPoint","urlTemplate":"https:\/\/strim.si\/trgovina\/?s={search_term_string}"},"query-input":"required name=search_term_string"}],"inLanguage":"sl-SI"}]}},"_links":{"self":[{"href":"https:\/\/strim.si\/trgovina\/wp-json\/wp\/v2\/pages\/3","targetHints":{"allow":["GET"]}}],"collection":[{"href":"https:\/\/strim.si\/trgovina\/wp-json\/wp\/v2\/pages"}],"about":[{"href":"https:\/\/strim.si\/trgovina\/wp-json\/wp\/v2\/types\/page"}],"author":[{"embeddable":true,"href":"https:\/\/strim.si\/trgovina\/wp-json\/wp\/v2\/users\/1"}],"replies":[{"embeddable":true,"href":"https:\/\/strim.si\/trgovina\/wp-json\/wp\/v2\/comments?post=3"}],"version-history":[{"count":7,"href":"https:\/\/strim.si\/trgovina\/wp-json\/wp\/v2\/pages\/3\/revisions"}],"predecessor-version":[{"id":8630,"href":"https:\/\/strim.si\/trgovina\/wp-json\/wp\/v2\/pages\/3\/revisions\/8630"}],"wp:attachment":[{"href":"https:\/\/strim.si\/trgovina\/wp-json\/wp\/v2\/media?parent=3"}],"curies":[{"name":"wp","href":"https:\/\/api.w.org\/{rel}","templated":true}]}}