{"id":8526,"date":"2022-03-09T19:20:32","date_gmt":"2022-03-09T19:20:32","guid":{"rendered":"https:\/\/strim.si\/trgovina\/?page_id=8526"},"modified":"2022-03-09T19:26:11","modified_gmt":"2022-03-09T19:26:11","slug":"avtorstvo-in-pravica-do-intelektualne-lastnine","status":"publish","type":"page","link":"https:\/\/strim.si\/trgovina\/avtorstvo-in-pravica-do-intelektualne-lastnine\/","title":{"rendered":"Avtorstvo in pravica do intelektualne lastnine"},"content":{"rendered":"<section class=\"l-section wpb_row height_custom\"><div class=\"l-section-h i-cf\"><div class=\"g-cols vc_row via_grid cols_1 laptops-cols_inherit tablets-cols_inherit mobiles-cols_1 valign_top type_default\"><div class=\"wpb_column vc_column_container\"><div class=\"vc_column-inner\"><div class=\"wpb_text_column\"><div class=\"wpb_wrapper\"><p>V podjetju Strim plus d.o.o. smo imetniki vseh avtorskih pravic na vsebini, objavljeni na spletni strani (<a href=\"https:\/\/strim.si\">https:\/\/strim.s<\/a>i). Za zasebno in nekomercialno uporabo lahko tiskate, kopirate ali shranite dele spletne strani. Vsebin na spletni strani ne smete uporabljati v komercialne namene.<\/p>\n<p>Na spletni strani, katere lastnik ste, lahko ustvarjate povezave na na\u0161o spletno stran na na\u010din, ki je skladen s pravom in ne \u0161koduje na\u0161emu dobremu imenu, ugledu ali poslovanju. Prepovedano je objavljanje povezav na spletno stran, ki nakazujejo ali bi lahko nakazovale na kakr\u0161nokoli povezovanje, sodelovanje ali potrditev z na\u0161e strani, ki pa ne obstaja.<\/p>\n<p>Pridr\u017eujemo si pravico, da kadarkoli lahko umaknemo dovoljenje za objavljanje povezav na <a href=\"https:\/\/strim.si\">https:\/\/strim.s<\/a>i in\/ali brez navedbe razloga zahtevamo, da takoj umaknete kakr\u0161nokoli povezavo na <a href=\"https:\/\/strim.si\">https:\/\/strim.si<\/a>.<\/p>\n<\/div><\/div><\/div><\/div><\/div><\/div><\/section>\n","protected":false},"excerpt":{"rendered":"V podjetju Strim plus d.o.o. smo imetniki vseh avtorskih pravic na vsebini, objavljeni na spletni strani (https:\/\/strim.si). Za zasebno in nekomercialno uporabo lahko tiskate, kopirate ali shranite dele spletne strani. Vsebin na spletni strani ne smete uporabljati v komercialne namene. Na spletni strani, katere lastnik ste, lahko ustvarjate povezave na na\u0161o spletno stran na na\u010din,...","protected":false},"author":1,"featured_media":0,"parent":0,"menu_order":0,"comment_status":"closed","ping_status":"closed","template":"","meta":{"_acf_changed":false,"footnotes":""},"class_list":["post-8526","page","type-page","status-publish","hentry"],"acf":[],"yoast_head":"<!-- This site is optimized with the Yoast SEO plugin v22.3 - https:\/\/yoast.com\/wordpress\/plugins\/seo\/ -->\n<title>Avtorstvo in pravica do intelektualne lastnine - Strim plus<\/title>\n<meta name=\"robots\" content=\"index, follow, max-snippet:-1, max-image-preview:large, max-video-preview:-1\" \/>\n<link rel=\"canonical\" href=\"https:\/\/strim.si\/trgovina\/avtorstvo-in-pravica-do-intelektualne-lastnine\/\" \/>\n<meta property=\"og:locale\" content=\"sl_SI\" \/>\n<meta property=\"og:type\" content=\"article\" \/>\n<meta property=\"og:title\" content=\"Avtorstvo in pravica do intelektualne lastnine - Strim plus\" \/>\n<meta property=\"og:url\" content=\"https:\/\/strim.si\/trgovina\/avtorstvo-in-pravica-do-intelektualne-lastnine\/\" \/>\n<meta property=\"og:site_name\" content=\"Strim plus\" \/>\n<meta property=\"article:modified_time\" content=\"2022-03-09T19:26:11+00:00\" \/>\n<meta name=\"twitter:card\" content=\"summary_large_image\" \/>\n<meta name=\"twitter:label1\" content=\"Est. reading time\" \/>\n\t<meta name=\"twitter:data1\" content=\"1 minuta\" \/>\n<script type=\"application\/ld+json\" class=\"yoast-schema-graph\">{\"@context\":\"https:\/\/schema.org\",\"@graph\":[{\"@type\":\"WebPage\",\"@id\":\"https:\/\/strim.si\/trgovina\/avtorstvo-in-pravica-do-intelektualne-lastnine\/\",\"url\":\"https:\/\/strim.si\/trgovina\/avtorstvo-in-pravica-do-intelektualne-lastnine\/\",\"name\":\"Avtorstvo in pravica do intelektualne lastnine - Strim plus\",\"isPartOf\":{\"@id\":\"https:\/\/strim.si\/trgovina\/#website\"},\"datePublished\":\"2022-03-09T19:20:32+00:00\",\"dateModified\":\"2022-03-09T19:26:11+00:00\",\"breadcrumb\":{\"@id\":\"https:\/\/strim.si\/trgovina\/avtorstvo-in-pravica-do-intelektualne-lastnine\/#breadcrumb\"},\"inLanguage\":\"sl-SI\",\"potentialAction\":[{\"@type\":\"ReadAction\",\"target\":[\"https:\/\/strim.si\/trgovina\/avtorstvo-in-pravica-do-intelektualne-lastnine\/\"]}]},{\"@type\":\"BreadcrumbList\",\"@id\":\"https:\/\/strim.si\/trgovina\/avtorstvo-in-pravica-do-intelektualne-lastnine\/#breadcrumb\",\"itemListElement\":[{\"@type\":\"ListItem\",\"position\":1,\"name\":\"Home\",\"item\":\"https:\/\/strim.si\/trgovina\/\"},{\"@type\":\"ListItem\",\"position\":2,\"name\":\"Avtorstvo in pravica do intelektualne lastnine\"}]},{\"@type\":\"WebSite\",\"@id\":\"https:\/\/strim.si\/trgovina\/#website\",\"url\":\"https:\/\/strim.si\/trgovina\/\",\"name\":\"Strim plus\",\"description\":\"spletna trgovina\",\"potentialAction\":[{\"@type\":\"SearchAction\",\"target\":{\"@type\":\"EntryPoint\",\"urlTemplate\":\"https:\/\/strim.si\/trgovina\/?s={search_term_string}\"},\"query-input\":\"required name=search_term_string\"}],\"inLanguage\":\"sl-SI\"}]}<\/script>\n<!-- \/ Yoast SEO plugin. -->","yoast_head_json":{"title":"Avtorstvo in pravica do intelektualne lastnine - Strim plus","robots":{"index":"index","follow":"follow","max-snippet":"max-snippet:-1","max-image-preview":"max-image-preview:large","max-video-preview":"max-video-preview:-1"},"canonical":"https:\/\/strim.si\/trgovina\/avtorstvo-in-pravica-do-intelektualne-lastnine\/","og_locale":"sl_SI","og_type":"article","og_title":"Avtorstvo in pravica do intelektualne lastnine - Strim plus","og_url":"https:\/\/strim.si\/trgovina\/avtorstvo-in-pravica-do-intelektualne-lastnine\/","og_site_name":"Strim plus","article_modified_time":"2022-03-09T19:26:11+00:00","twitter_card":"summary_large_image","twitter_misc":{"Est. reading time":"1 minuta"},"schema":{"@context":"https:\/\/schema.org","@graph":[{"@type":"WebPage","@id":"https:\/\/strim.si\/trgovina\/avtorstvo-in-pravica-do-intelektualne-lastnine\/","url":"https:\/\/strim.si\/trgovina\/avtorstvo-in-pravica-do-intelektualne-lastnine\/","name":"Avtorstvo in pravica do intelektualne lastnine - Strim plus","isPartOf":{"@id":"https:\/\/strim.si\/trgovina\/#website"},"datePublished":"2022-03-09T19:20:32+00:00","dateModified":"2022-03-09T19:26:11+00:00","breadcrumb":{"@id":"https:\/\/strim.si\/trgovina\/avtorstvo-in-pravica-do-intelektualne-lastnine\/#breadcrumb"},"inLanguage":"sl-SI","potentialAction":[{"@type":"ReadAction","target":["https:\/\/strim.si\/trgovina\/avtorstvo-in-pravica-do-intelektualne-lastnine\/"]}]},{"@type":"BreadcrumbList","@id":"https:\/\/strim.si\/trgovina\/avtorstvo-in-pravica-do-intelektualne-lastnine\/#breadcrumb","itemListElement":[{"@type":"ListItem","position":1,"name":"Home","item":"https:\/\/strim.si\/trgovina\/"},{"@type":"ListItem","position":2,"name":"Avtorstvo in pravica do intelektualne lastnine"}]},{"@type":"WebSite","@id":"https:\/\/strim.si\/trgovina\/#website","url":"https:\/\/strim.si\/trgovina\/","name":"Strim plus","description":"spletna trgovina","potentialAction":[{"@type":"SearchAction","target":{"@type":"EntryPoint","urlTemplate":"https:\/\/strim.si\/trgovina\/?s={search_term_string}"},"query-input":"required name=search_term_string"}],"inLanguage":"sl-SI"}]}},"_links":{"self":[{"href":"https:\/\/strim.si\/trgovina\/wp-json\/wp\/v2\/pages\/8526","targetHints":{"allow":["GET"]}}],"collection":[{"href":"https:\/\/strim.si\/trgovina\/wp-json\/wp\/v2\/pages"}],"about":[{"href":"https:\/\/strim.si\/trgovina\/wp-json\/wp\/v2\/types\/page"}],"author":[{"embeddable":true,"href":"https:\/\/strim.si\/trgovina\/wp-json\/wp\/v2\/users\/1"}],"replies":[{"embeddable":true,"href":"https:\/\/strim.si\/trgovina\/wp-json\/wp\/v2\/comments?post=8526"}],"version-history":[{"count":2,"href":"https:\/\/strim.si\/trgovina\/wp-json\/wp\/v2\/pages\/8526\/revisions"}],"predecessor-version":[{"id":8528,"href":"https:\/\/strim.si\/trgovina\/wp-json\/wp\/v2\/pages\/8526\/revisions\/8528"}],"wp:attachment":[{"href":"https:\/\/strim.si\/trgovina\/wp-json\/wp\/v2\/media?parent=8526"}],"curies":[{"name":"wp","href":"https:\/\/api.w.org\/{rel}","templated":true}]}}