{"id":8396,"date":"2022-03-08T10:51:09","date_gmt":"2022-03-08T10:51:09","guid":{"rendered":"https:\/\/strim.si\/trgovina\/?post_type=product&#038;p=8396"},"modified":"2025-04-16T11:28:52","modified_gmt":"2025-04-16T10:28:52","slug":"horion-hk70","status":"publish","type":"product","link":"https:\/\/strim.si\/trgovina\/product\/horion-hk70\/","title":{"rendered":"HORION HK70"},"content":{"rendered":"<p>Mobilno stojalo na kole\u0161\u010dkih, fiksno po vi\u0161ini, za zaslone manj\u0161e 75 palcev.<br \/>\nIma \u0161tiri kolesa in ga lahko premikate po \u017eelji.<\/p>\n<p>Visokokakovostno ogljikovo jeklo, varno in stabilno.<br \/>\nMo\u010dno in trpe\u017eno stojalo, odporno proti rji in na stiskanje.<br \/>\nOrientalski estetski dizajn, navdihnjen s teko\u010do vodo.<br \/>\nZasnova je izpeljana iz umetni\u0161ke zasnove slapa, ki se spu\u0161\u010da po visoki gori.<br \/>\nDva stolpca predstavljata teko\u010do vodo, medtem ko osnova predstavlja zemljo.<\/p>\n","protected":false},"excerpt":{"rendered":"<ul>\n<li>Mobilno stojalo za zaslone manj\u0161e od diagonale 75 palcev<\/li>\n<li>Fiksno po vi\u0161ini<\/li>\n<li>Ogrodje iz ogljikovega jekla z osnovo kaljenega stekla<\/li>\n<\/ul>\n","protected":false},"featured_media":8395,"template":"","meta":{"_acf_changed":false},"product_cat":[81],"product_tag":[],"class_list":["post-8396","product","type-product","status-publish","has-post-thumbnail","hentry","product_cat-dodatki-in-ostalo"],"acf":[],"yoast_head":"<!-- This site is optimized with the Yoast SEO plugin v22.3 - https:\/\/yoast.com\/wordpress\/plugins\/seo\/ -->\n<title>HORION HK70 - Strim plus<\/title>\n<meta name=\"robots\" content=\"index, follow, max-snippet:-1, max-image-preview:large, max-video-preview:-1\" \/>\n<link rel=\"canonical\" href=\"https:\/\/strim.si\/trgovina\/product\/horion-hk70\/\" \/>\n<meta property=\"og:locale\" content=\"sl_SI\" \/>\n<meta property=\"og:type\" content=\"article\" \/>\n<meta property=\"og:title\" content=\"HORION HK70 - Strim plus\" \/>\n<meta property=\"og:description\" content=\"Mobilno stojalo za zaslone manj\u0161e od diagonale 75 palcev  Fiksno po vi\u0161ini  Ogrodje iz ogljikovega jekla z osnovo kaljenega stekla\" \/>\n<meta property=\"og:url\" content=\"https:\/\/strim.si\/trgovina\/product\/horion-hk70\/\" \/>\n<meta property=\"og:site_name\" content=\"Strim plus\" \/>\n<meta property=\"article:modified_time\" content=\"2025-04-16T10:28:52+00:00\" \/>\n<meta property=\"og:image\" content=\"https:\/\/strim.si\/trgovina\/wp-content\/uploads\/2022\/02\/horion-hk-1.jpg\" \/>\n\t<meta property=\"og:image:width\" content=\"500\" \/>\n\t<meta property=\"og:image:height\" content=\"500\" \/>\n\t<meta property=\"og:image:type\" content=\"image\/jpeg\" \/>\n<meta name=\"twitter:card\" content=\"summary_large_image\" \/>\n<script type=\"application\/ld+json\" class=\"yoast-schema-graph\">{\"@context\":\"https:\/\/schema.org\",\"@graph\":[{\"@type\":\"WebPage\",\"@id\":\"https:\/\/strim.si\/trgovina\/product\/horion-hk70\/\",\"url\":\"https:\/\/strim.si\/trgovina\/product\/horion-hk70\/\",\"name\":\"HORION HK70 - Strim plus\",\"isPartOf\":{\"@id\":\"https:\/\/strim.si\/trgovina\/#website\"},\"primaryImageOfPage\":{\"@id\":\"https:\/\/strim.si\/trgovina\/product\/horion-hk70\/#primaryimage\"},\"image\":{\"@id\":\"https:\/\/strim.si\/trgovina\/product\/horion-hk70\/#primaryimage\"},\"thumbnailUrl\":\"https:\/\/strim.si\/trgovina\/wp-content\/uploads\/2022\/02\/horion-hk-1.jpg\",\"datePublished\":\"2022-03-08T10:51:09+00:00\",\"dateModified\":\"2025-04-16T10:28:52+00:00\",\"breadcrumb\":{\"@id\":\"https:\/\/strim.si\/trgovina\/product\/horion-hk70\/#breadcrumb\"},\"inLanguage\":\"sl-SI\",\"potentialAction\":[{\"@type\":\"ReadAction\",\"target\":[\"https:\/\/strim.si\/trgovina\/product\/horion-hk70\/\"]}]},{\"@type\":\"ImageObject\",\"inLanguage\":\"sl-SI\",\"@id\":\"https:\/\/strim.si\/trgovina\/product\/horion-hk70\/#primaryimage\",\"url\":\"https:\/\/strim.si\/trgovina\/wp-content\/uploads\/2022\/02\/horion-hk-1.jpg\",\"contentUrl\":\"https:\/\/strim.si\/trgovina\/wp-content\/uploads\/2022\/02\/horion-hk-1.jpg\",\"width\":500,\"height\":500},{\"@type\":\"BreadcrumbList\",\"@id\":\"https:\/\/strim.si\/trgovina\/product\/horion-hk70\/#breadcrumb\",\"itemListElement\":[{\"@type\":\"ListItem\",\"position\":1,\"name\":\"Home\",\"item\":\"https:\/\/strim.si\/trgovina\/\"},{\"@type\":\"ListItem\",\"position\":2,\"name\":\"Trgovina\",\"item\":\"https:\/\/strim.si\/trgovina\/trgovina\/\"},{\"@type\":\"ListItem\",\"position\":3,\"name\":\"HORION HK70\"}]},{\"@type\":\"WebSite\",\"@id\":\"https:\/\/strim.si\/trgovina\/#website\",\"url\":\"https:\/\/strim.si\/trgovina\/\",\"name\":\"Strim plus\",\"description\":\"spletna trgovina\",\"potentialAction\":[{\"@type\":\"SearchAction\",\"target\":{\"@type\":\"EntryPoint\",\"urlTemplate\":\"https:\/\/strim.si\/trgovina\/?s={search_term_string}\"},\"query-input\":\"required name=search_term_string\"}],\"inLanguage\":\"sl-SI\"}]}<\/script>\n<!-- \/ Yoast SEO plugin. -->","yoast_head_json":{"title":"HORION HK70 - Strim plus","robots":{"index":"index","follow":"follow","max-snippet":"max-snippet:-1","max-image-preview":"max-image-preview:large","max-video-preview":"max-video-preview:-1"},"canonical":"https:\/\/strim.si\/trgovina\/product\/horion-hk70\/","og_locale":"sl_SI","og_type":"article","og_title":"HORION HK70 - Strim plus","og_description":"Mobilno stojalo za zaslone manj\u0161e od diagonale 75 palcev  Fiksno po vi\u0161ini  Ogrodje iz ogljikovega jekla z osnovo kaljenega stekla","og_url":"https:\/\/strim.si\/trgovina\/product\/horion-hk70\/","og_site_name":"Strim plus","article_modified_time":"2025-04-16T10:28:52+00:00","og_image":[{"width":500,"height":500,"url":"https:\/\/strim.si\/trgovina\/wp-content\/uploads\/2022\/02\/horion-hk-1.jpg","type":"image\/jpeg"}],"twitter_card":"summary_large_image","schema":{"@context":"https:\/\/schema.org","@graph":[{"@type":"WebPage","@id":"https:\/\/strim.si\/trgovina\/product\/horion-hk70\/","url":"https:\/\/strim.si\/trgovina\/product\/horion-hk70\/","name":"HORION HK70 - Strim plus","isPartOf":{"@id":"https:\/\/strim.si\/trgovina\/#website"},"primaryImageOfPage":{"@id":"https:\/\/strim.si\/trgovina\/product\/horion-hk70\/#primaryimage"},"image":{"@id":"https:\/\/strim.si\/trgovina\/product\/horion-hk70\/#primaryimage"},"thumbnailUrl":"https:\/\/strim.si\/trgovina\/wp-content\/uploads\/2022\/02\/horion-hk-1.jpg","datePublished":"2022-03-08T10:51:09+00:00","dateModified":"2025-04-16T10:28:52+00:00","breadcrumb":{"@id":"https:\/\/strim.si\/trgovina\/product\/horion-hk70\/#breadcrumb"},"inLanguage":"sl-SI","potentialAction":[{"@type":"ReadAction","target":["https:\/\/strim.si\/trgovina\/product\/horion-hk70\/"]}]},{"@type":"ImageObject","inLanguage":"sl-SI","@id":"https:\/\/strim.si\/trgovina\/product\/horion-hk70\/#primaryimage","url":"https:\/\/strim.si\/trgovina\/wp-content\/uploads\/2022\/02\/horion-hk-1.jpg","contentUrl":"https:\/\/strim.si\/trgovina\/wp-content\/uploads\/2022\/02\/horion-hk-1.jpg","width":500,"height":500},{"@type":"BreadcrumbList","@id":"https:\/\/strim.si\/trgovina\/product\/horion-hk70\/#breadcrumb","itemListElement":[{"@type":"ListItem","position":1,"name":"Home","item":"https:\/\/strim.si\/trgovina\/"},{"@type":"ListItem","position":2,"name":"Trgovina","item":"https:\/\/strim.si\/trgovina\/trgovina\/"},{"@type":"ListItem","position":3,"name":"HORION HK70"}]},{"@type":"WebSite","@id":"https:\/\/strim.si\/trgovina\/#website","url":"https:\/\/strim.si\/trgovina\/","name":"Strim plus","description":"spletna trgovina","potentialAction":[{"@type":"SearchAction","target":{"@type":"EntryPoint","urlTemplate":"https:\/\/strim.si\/trgovina\/?s={search_term_string}"},"query-input":"required name=search_term_string"}],"inLanguage":"sl-SI"}]}},"_links":{"self":[{"href":"https:\/\/strim.si\/trgovina\/wp-json\/wp\/v2\/product\/8396","targetHints":{"allow":["GET"]}}],"collection":[{"href":"https:\/\/strim.si\/trgovina\/wp-json\/wp\/v2\/product"}],"about":[{"href":"https:\/\/strim.si\/trgovina\/wp-json\/wp\/v2\/types\/product"}],"wp:featuredmedia":[{"embeddable":true,"href":"https:\/\/strim.si\/trgovina\/wp-json\/wp\/v2\/media\/8395"}],"wp:attachment":[{"href":"https:\/\/strim.si\/trgovina\/wp-json\/wp\/v2\/media?parent=8396"}],"wp:term":[{"taxonomy":"product_cat","embeddable":true,"href":"https:\/\/strim.si\/trgovina\/wp-json\/wp\/v2\/product_cat?post=8396"},{"taxonomy":"product_tag","embeddable":true,"href":"https:\/\/strim.si\/trgovina\/wp-json\/wp\/v2\/product_tag?post=8396"}],"curies":[{"name":"wp","href":"https:\/\/api.w.org\/{rel}","templated":true}]}}