{"id":8400,"date":"2022-03-08T11:02:43","date_gmt":"2022-03-08T11:02:43","guid":{"rendered":"https:\/\/strim.si\/trgovina\/?post_type=product&#038;p=8400"},"modified":"2024-03-06T10:05:40","modified_gmt":"2024-03-06T09:05:40","slug":"horion-ops-i5","status":"publish","type":"product","link":"https:\/\/strim.si\/trgovina\/product\/horion-ops-i5\/","title":{"rendered":"HORION OPS I5"},"content":{"rendered":"<p>Vgradni ra\u010dunalniki so pravi PCji, ki se jih vgradi v OPS re\u017eo zadaj direktno v zaslon.<\/p>\n<p>Zasnova plug in play prihrani denar in te\u017eave.<br \/>\nOomogo\u010da enostavno namestitev, odstranitev, nadgradnjo in uvajanje. Zahteva manj \u017ei\u010dnih povezav, zmanj\u0161uje ra\u010dune za elektriko in stro\u0161ke vzdr\u017eevanja za uporabnike ter prihrani stro\u0161ke, povezane s poprodajnimi storitvami in raziskavami in razvojem. Prav tako olaj\u0161a delo nadgradnje in vzdr\u017eevanja.<\/p>\n<p>Zmogljiv, ponastavitev z enim gumbom.<br \/>\nMajhna kot knjiga, enostavna za namestitev plug and play, uporabna za vse interaktivne zaslone Horion, elektronsko tablo, digitalni predvajalnik oglasov.<\/p>\n<p>\u0160tirje hitri vmesniki USB 3.0<br \/>\n\u0160tirje vmesniki USB 3.0 za prenos velikih datotek s hitrostjo do 5,0 Gbps (640 MB\/s), kar je 9-krat hitreje kot vmesnik USB 2.0.<\/p>\n<p>Visoka integracija in fina izdelava<br \/>\nOpremljen z visokokakovostnimi elektronskimi komponentami in \u010dipi; sprejme ra\u010dunalni\u0161ko arhitekturo industrijskega razreda, da zagotovi vzdr\u017eljivost in stabilnost; strogo preizku\u0161en, da prenese pogosto uporabo in dolgotrajno predvajanje.<\/p>\n","protected":false},"excerpt":{"rendered":"<ul>\n<li>Standardni vgradni PC ra\u010dunalnik za OPS re\u017eo\n<ul>\n<li>Procesor Intel Core i5-8th gen<\/li>\n<li>RAM: 4GB RAM<\/li>\n<li>Disk: 128GB SSD<\/li>\n<li>Grafika: 4k\/60Hz<\/li>\n<li>Prednalo\u017eeni Windows 10 Pro<\/li>\n<\/ul>\n<\/li>\n<\/ul>\n","protected":false},"featured_media":8397,"template":"","meta":{"_acf_changed":false},"product_cat":[81],"product_tag":[],"class_list":["post-8400","product","type-product","status-publish","has-post-thumbnail","hentry","product_cat-dodatki-in-ostalo"],"acf":[],"yoast_head":"<!-- This site is optimized with the Yoast SEO plugin v22.3 - https:\/\/yoast.com\/wordpress\/plugins\/seo\/ -->\n<title>HORION OPS I5 - Strim plus<\/title>\n<meta name=\"robots\" content=\"index, follow, max-snippet:-1, max-image-preview:large, max-video-preview:-1\" \/>\n<link rel=\"canonical\" href=\"https:\/\/strim.si\/trgovina\/product\/horion-ops-i5\/\" \/>\n<meta property=\"og:locale\" content=\"sl_SI\" \/>\n<meta property=\"og:type\" content=\"article\" \/>\n<meta property=\"og:title\" content=\"HORION OPS I5 - Strim plus\" \/>\n<meta property=\"og:description\" content=\"Standardni vgradni PC ra\u010dunalnik za OPS re\u017eo   Procesor Intel Core i5-8th gen  RAM: 4GB RAM  Disk: 128GB SSD  Grafika: 4k\/60Hz  Prednalo\u017eeni Windows 10 Pro\" \/>\n<meta property=\"og:url\" content=\"https:\/\/strim.si\/trgovina\/product\/horion-ops-i5\/\" \/>\n<meta property=\"og:site_name\" content=\"Strim plus\" \/>\n<meta property=\"article:modified_time\" content=\"2024-03-06T09:05:40+00:00\" \/>\n<meta property=\"og:image\" content=\"https:\/\/strim.si\/trgovina\/wp-content\/uploads\/2022\/02\/horion-ops-1.jpg\" \/>\n\t<meta property=\"og:image:width\" content=\"500\" \/>\n\t<meta property=\"og:image:height\" content=\"500\" \/>\n\t<meta property=\"og:image:type\" content=\"image\/jpeg\" \/>\n<meta name=\"twitter:card\" content=\"summary_large_image\" \/>\n<meta name=\"twitter:label1\" content=\"Est. reading time\" \/>\n\t<meta name=\"twitter:data1\" content=\"1 minuta\" \/>\n<script type=\"application\/ld+json\" class=\"yoast-schema-graph\">{\"@context\":\"https:\/\/schema.org\",\"@graph\":[{\"@type\":\"WebPage\",\"@id\":\"https:\/\/strim.si\/trgovina\/product\/horion-ops-i5\/\",\"url\":\"https:\/\/strim.si\/trgovina\/product\/horion-ops-i5\/\",\"name\":\"HORION OPS I5 - Strim plus\",\"isPartOf\":{\"@id\":\"https:\/\/strim.si\/trgovina\/#website\"},\"primaryImageOfPage\":{\"@id\":\"https:\/\/strim.si\/trgovina\/product\/horion-ops-i5\/#primaryimage\"},\"image\":{\"@id\":\"https:\/\/strim.si\/trgovina\/product\/horion-ops-i5\/#primaryimage\"},\"thumbnailUrl\":\"https:\/\/strim.si\/trgovina\/wp-content\/uploads\/2022\/02\/horion-ops-1.jpg\",\"datePublished\":\"2022-03-08T11:02:43+00:00\",\"dateModified\":\"2024-03-06T09:05:40+00:00\",\"breadcrumb\":{\"@id\":\"https:\/\/strim.si\/trgovina\/product\/horion-ops-i5\/#breadcrumb\"},\"inLanguage\":\"sl-SI\",\"potentialAction\":[{\"@type\":\"ReadAction\",\"target\":[\"https:\/\/strim.si\/trgovina\/product\/horion-ops-i5\/\"]}]},{\"@type\":\"ImageObject\",\"inLanguage\":\"sl-SI\",\"@id\":\"https:\/\/strim.si\/trgovina\/product\/horion-ops-i5\/#primaryimage\",\"url\":\"https:\/\/strim.si\/trgovina\/wp-content\/uploads\/2022\/02\/horion-ops-1.jpg\",\"contentUrl\":\"https:\/\/strim.si\/trgovina\/wp-content\/uploads\/2022\/02\/horion-ops-1.jpg\",\"width\":500,\"height\":500},{\"@type\":\"BreadcrumbList\",\"@id\":\"https:\/\/strim.si\/trgovina\/product\/horion-ops-i5\/#breadcrumb\",\"itemListElement\":[{\"@type\":\"ListItem\",\"position\":1,\"name\":\"Home\",\"item\":\"https:\/\/strim.si\/trgovina\/\"},{\"@type\":\"ListItem\",\"position\":2,\"name\":\"Trgovina\",\"item\":\"https:\/\/strim.si\/trgovina\/trgovina\/\"},{\"@type\":\"ListItem\",\"position\":3,\"name\":\"HORION OPS I5\"}]},{\"@type\":\"WebSite\",\"@id\":\"https:\/\/strim.si\/trgovina\/#website\",\"url\":\"https:\/\/strim.si\/trgovina\/\",\"name\":\"Strim plus\",\"description\":\"spletna trgovina\",\"potentialAction\":[{\"@type\":\"SearchAction\",\"target\":{\"@type\":\"EntryPoint\",\"urlTemplate\":\"https:\/\/strim.si\/trgovina\/?s={search_term_string}\"},\"query-input\":\"required name=search_term_string\"}],\"inLanguage\":\"sl-SI\"}]}<\/script>\n<!-- \/ Yoast SEO plugin. -->","yoast_head_json":{"title":"HORION OPS I5 - Strim plus","robots":{"index":"index","follow":"follow","max-snippet":"max-snippet:-1","max-image-preview":"max-image-preview:large","max-video-preview":"max-video-preview:-1"},"canonical":"https:\/\/strim.si\/trgovina\/product\/horion-ops-i5\/","og_locale":"sl_SI","og_type":"article","og_title":"HORION OPS I5 - Strim plus","og_description":"Standardni vgradni PC ra\u010dunalnik za OPS re\u017eo   Procesor Intel Core i5-8th gen  RAM: 4GB RAM  Disk: 128GB SSD  Grafika: 4k\/60Hz  Prednalo\u017eeni Windows 10 Pro","og_url":"https:\/\/strim.si\/trgovina\/product\/horion-ops-i5\/","og_site_name":"Strim plus","article_modified_time":"2024-03-06T09:05:40+00:00","og_image":[{"width":500,"height":500,"url":"https:\/\/strim.si\/trgovina\/wp-content\/uploads\/2022\/02\/horion-ops-1.jpg","type":"image\/jpeg"}],"twitter_card":"summary_large_image","twitter_misc":{"Est. reading time":"1 minuta"},"schema":{"@context":"https:\/\/schema.org","@graph":[{"@type":"WebPage","@id":"https:\/\/strim.si\/trgovina\/product\/horion-ops-i5\/","url":"https:\/\/strim.si\/trgovina\/product\/horion-ops-i5\/","name":"HORION OPS I5 - Strim plus","isPartOf":{"@id":"https:\/\/strim.si\/trgovina\/#website"},"primaryImageOfPage":{"@id":"https:\/\/strim.si\/trgovina\/product\/horion-ops-i5\/#primaryimage"},"image":{"@id":"https:\/\/strim.si\/trgovina\/product\/horion-ops-i5\/#primaryimage"},"thumbnailUrl":"https:\/\/strim.si\/trgovina\/wp-content\/uploads\/2022\/02\/horion-ops-1.jpg","datePublished":"2022-03-08T11:02:43+00:00","dateModified":"2024-03-06T09:05:40+00:00","breadcrumb":{"@id":"https:\/\/strim.si\/trgovina\/product\/horion-ops-i5\/#breadcrumb"},"inLanguage":"sl-SI","potentialAction":[{"@type":"ReadAction","target":["https:\/\/strim.si\/trgovina\/product\/horion-ops-i5\/"]}]},{"@type":"ImageObject","inLanguage":"sl-SI","@id":"https:\/\/strim.si\/trgovina\/product\/horion-ops-i5\/#primaryimage","url":"https:\/\/strim.si\/trgovina\/wp-content\/uploads\/2022\/02\/horion-ops-1.jpg","contentUrl":"https:\/\/strim.si\/trgovina\/wp-content\/uploads\/2022\/02\/horion-ops-1.jpg","width":500,"height":500},{"@type":"BreadcrumbList","@id":"https:\/\/strim.si\/trgovina\/product\/horion-ops-i5\/#breadcrumb","itemListElement":[{"@type":"ListItem","position":1,"name":"Home","item":"https:\/\/strim.si\/trgovina\/"},{"@type":"ListItem","position":2,"name":"Trgovina","item":"https:\/\/strim.si\/trgovina\/trgovina\/"},{"@type":"ListItem","position":3,"name":"HORION OPS I5"}]},{"@type":"WebSite","@id":"https:\/\/strim.si\/trgovina\/#website","url":"https:\/\/strim.si\/trgovina\/","name":"Strim plus","description":"spletna trgovina","potentialAction":[{"@type":"SearchAction","target":{"@type":"EntryPoint","urlTemplate":"https:\/\/strim.si\/trgovina\/?s={search_term_string}"},"query-input":"required name=search_term_string"}],"inLanguage":"sl-SI"}]}},"_links":{"self":[{"href":"https:\/\/strim.si\/trgovina\/wp-json\/wp\/v2\/product\/8400","targetHints":{"allow":["GET"]}}],"collection":[{"href":"https:\/\/strim.si\/trgovina\/wp-json\/wp\/v2\/product"}],"about":[{"href":"https:\/\/strim.si\/trgovina\/wp-json\/wp\/v2\/types\/product"}],"wp:featuredmedia":[{"embeddable":true,"href":"https:\/\/strim.si\/trgovina\/wp-json\/wp\/v2\/media\/8397"}],"wp:attachment":[{"href":"https:\/\/strim.si\/trgovina\/wp-json\/wp\/v2\/media?parent=8400"}],"wp:term":[{"taxonomy":"product_cat","embeddable":true,"href":"https:\/\/strim.si\/trgovina\/wp-json\/wp\/v2\/product_cat?post=8400"},{"taxonomy":"product_tag","embeddable":true,"href":"https:\/\/strim.si\/trgovina\/wp-json\/wp\/v2\/product_tag?post=8400"}],"curies":[{"name":"wp","href":"https:\/\/api.w.org\/{rel}","templated":true}]}}