{"id":8403,"date":"2022-03-08T11:17:58","date_gmt":"2022-03-08T11:17:58","guid":{"rendered":"https:\/\/strim.si\/trgovina\/?post_type=product&#038;p=8403"},"modified":"2025-04-16T11:28:45","modified_gmt":"2025-04-16T10:28:45","slug":"sharp-mx-2651","status":"publish","type":"product","link":"https:\/\/strim.si\/trgovina\/product\/sharp-mx-2651\/","title":{"rendered":"SHARP MX-2651 (KOMPLET)"},"content":{"rendered":"<p>Barvna samostoje\u010da A3+ digitalna ve\u010dnamenska fotokopirna naprava<br \/>\nOmarica s dodatnim predalom za 550 listov A3\/A4<br \/>\n* Tonerji v ceno niso vklju\u010deni.<\/p>\n<p>Tiskanje, kopiranje, opti\u010dno branje, po\u0161iljanje in sprejemanje faksov, arhiviranje<br \/>\nStrani na minuto: 26 \u010c\/B, 26 barvnih<br \/>\nKapaciteta papirja: standard 650, najve\u010d 6.300 listov<br \/>\nPrilagodljiv 10,1-pal\u010dni barvni LCD zaslon na dotik z nagibom z enostavnim vmesnikom UI omogo\u010da intuitivno krmarjenje po funkcijah ve\u010dfunkcijske naprave<br \/>\nFunkcija Print Release ponuja uporabnikom mo\u017enost po\u0161iljanja in shranjevanja dokumentov na glavni ve\u010dfunkcijski napravi za overjanje in tiskanje s katere koli ve\u010dfunkcijske naprave v povezanem omre\u017eju<br \/>\nOpcijski enkraten vpis omogo\u010da enostaven dostop do javnih storitev v oblaku<br \/>\nKratek zagonski \u010das pomaga zni\u017eati porabo energije in izbolj\u0161ati produktivnost<br \/>\nVe\u010dplastne varnostne funkcije<\/p>\n","protected":false},"excerpt":{"rendered":"<p>Barvna naprava MX-2651 A3 ponuja \u0161tevilne mo\u017enosti in nadgradnje za prilagodljivost va\u0161im potrebam v prihodnosti. Z optimizacijo produktivnosti je popolna za vsako zaposleno delovno skupino, ki potrebuje visoko zmogljivost, kakovostne barve in fleksibilnost.<\/p>\n<p>S podporo za sekundarni LAN (dodatno) je zagotovljena isto\u010dasna podpora za dve omre\u017eji, funkcija Print Release uporabnikom omogo\u010da mo\u017enost po\u0161iljanja in shranjevanja dokumentov na glavni ve\u010dfunkcijski napravi, ki deluje kot stre\u017enik in omogo\u010da varna opravila tiskanja na do petih povezanih napravah z omre\u017eno pripravljenostjo. Dodatne funkcije za izbolj\u0161anje delovnega procesa vklju\u010dujejo povezljivost v oblaku z enkratnim vpisom, mobilno povezljivost prek Wi-Fi in USB ter neposredno tiskanje datotek MS Office.<\/p>\n<p>10,1-pal\u010dni barvni LCD zaslon na dotik z nagibom omogo\u010da pristop upravljanja z ikonami povleci in spusti za preprosto prilagajanje doma\u010de strani in komunikacijski indikatorji, ki prikazujejo stanje ve\u010dfunkcijske naprave. Vsakodnevno upravljanje je preprosto in intuitivno; \u017ee z dotikom, potegom, pribli\u017eevanjem in \u0161irjenjem prstov boste lahko takoj uporabili \u0161tevilne funkcije in nastavitve, kot je napredni predogled.<\/p>\n<p>Hitrosti tiskanja in kopiranja do 26 strani na minuto v barvah in \u010drno-beli tehniki, vgrajen reverzibilen enojni podajalec za 100 listov in hitrosti opti\u010dnega branja do 80 originalov na minuto; vse to za izbolj\u0161ano u\u010dinkovitost in produktivnost. Z lo\u010dljivostjo tiskanja 9600 x 600 dpi, avtomatskim nadzorom procesov in sistemom Developer Refresh je na voljo stalna visoka kakovost slike. Najve\u010dja kapaciteta papirja je 6.300 listov, \u0161irok razpon medijev (do SRA3 in 300 gsm) pa zagotavlja, da boste s to napravo zlahka zadostili va\u0161im potrebam. Poleg tega so na voljo \u0161tevilne mo\u017enosti kon\u010dne obdelave, kot so vezava, ro\u010dno spenjanje in spenjanje brez sponk za dodatno vsestranskost. Izbor robustnih varnostnih funkcij ohranja va\u0161e podatke in omre\u017eje varne, vklju\u010dno z nadzorom dostopa, \u0161ifriranjem podatkov in S\/MIME ter samonadzorovanim sistemom vdelane programske opreme, overjanjem certifikata SSL in belo listo za izvajanje programov.<\/p>\n<p>MX-2651 uporablja Sharpovo najnovej\u0161o re\u0161itev var\u010devanja z energijo. Izredno hiter \u010das zagona, nizka poraba energije in nizka vrednost TEC stremi k var\u010devanju denarja in podpira va\u0161e okoljevarstvene cilje. Poleg tega funkcija samodejnega izlo\u010danja kartu\u0161e tonerja zagotavlja porabo celotnega tonerja in s tem var\u010devanje virov.<\/p>\n","protected":false},"featured_media":8405,"template":"","meta":{"_acf_changed":false},"product_cat":[58,56],"product_tag":[],"class_list":["post-8403","product","type-product","status-publish","has-post-thumbnail","hentry","product_cat-fotokopirni-stroji","product_cat-tiskanje"],"acf":[],"yoast_head":"<!-- This site is optimized with the Yoast SEO plugin v22.3 - https:\/\/yoast.com\/wordpress\/plugins\/seo\/ -->\n<title>SHARP MX-2651 (KOMPLET) - Strim plus<\/title>\n<meta name=\"robots\" content=\"index, follow, max-snippet:-1, max-image-preview:large, max-video-preview:-1\" \/>\n<link rel=\"canonical\" href=\"https:\/\/strim.si\/trgovina\/product\/sharp-mx-2651\/\" \/>\n<meta property=\"og:locale\" content=\"sl_SI\" \/>\n<meta property=\"og:type\" content=\"article\" \/>\n<meta property=\"og:title\" content=\"SHARP MX-2651 (KOMPLET) - Strim plus\" \/>\n<meta property=\"og:description\" content=\"Barvna naprava MX-2651 A3 ponuja \u0161tevilne mo\u017enosti in nadgradnje za prilagodljivost va\u0161im potrebam v prihodnosti. Z optimizacijo produktivnosti je popolna za vsako zaposleno delovno skupino, ki potrebuje visoko zmogljivost, kakovostne barve in fleksibilnost.  S podporo za sekundarni LAN (dodatno) je zagotovljena isto\u010dasna podpora za dve omre\u017eji, funkcija Print Release uporabnikom omogo\u010da mo\u017enost po\u0161iljanja in shranjevanja dokumentov na glavni ve\u010dfunkcijski napravi, ki deluje kot stre\u017enik in omogo\u010da varna opravila tiskanja na do petih povezanih napravah z omre\u017eno pripravljenostjo. Dodatne funkcije za izbolj\u0161anje delovnega procesa vklju\u010dujejo povezljivost v oblaku z enkratnim vpisom, mobilno povezljivost prek Wi-Fi in USB ter neposredno tiskanje datotek MS Office.  10,1-pal\u010dni barvni LCD zaslon na dotik z nagibom omogo\u010da pristop upravljanja z ikonami povleci in spusti za preprosto prilagajanje doma\u010de strani in komunikacijski indikatorji, ki prikazujejo stanje ve\u010dfunkcijske naprave. Vsakodnevno upravljanje je preprosto in intuitivno; \u017ee z dotikom, potegom, pribli\u017eevanjem in \u0161irjenjem prstov boste lahko takoj uporabili \u0161tevilne funkcije in nastavitve, kot je napredni predogled.  Hitrosti tiskanja in kopiranja do 26 strani na minuto v barvah in \u010drno-beli tehniki, vgrajen reverzibilen enojni podajalec za 100 listov in hitrosti opti\u010dnega branja do 80 originalov na minuto; vse to za izbolj\u0161ano u\u010dinkovitost in produktivnost. Z lo\u010dljivostjo tiskanja 9600 x 600 dpi, avtomatskim nadzorom procesov in sistemom Developer Refresh je na voljo stalna visoka kakovost slike. Najve\u010dja kapaciteta papirja je 6.300 listov, \u0161irok razpon medijev (do SRA3 in 300 gsm) pa zagotavlja, da boste s to napravo zlahka zadostili va\u0161im potrebam. Poleg tega so na voljo \u0161tevilne mo\u017enosti kon\u010dne obdelave, kot so vezava, ro\u010dno spenjanje in spenjanje brez sponk za dodatno vsestranskost. Izbor robustnih varnostnih funkcij ohranja va\u0161e podatke in omre\u017eje varne, vklju\u010dno z nadzorom dostopa, \u0161ifriranjem podatkov in S\/MIME ter samonadzorovanim sistemom vdelane programske opreme, overjanjem certifikata SSL in belo listo za izvajanje programov.  MX-2651 uporablja Sharpovo najnovej\u0161o re\u0161itev var\u010devanja z energijo. Izredno hiter \u010das zagona, nizka poraba energije in nizka vrednost TEC stremi k var\u010devanju denarja in podpira va\u0161e okoljevarstvene cilje. Poleg tega funkcija samodejnega izlo\u010danja kartu\u0161e tonerja zagotavlja porabo celotnega tonerja in s tem var\u010devanje virov.\" \/>\n<meta property=\"og:url\" content=\"https:\/\/strim.si\/trgovina\/product\/sharp-mx-2651\/\" \/>\n<meta property=\"og:site_name\" content=\"Strim plus\" \/>\n<meta property=\"article:modified_time\" content=\"2025-04-16T10:28:45+00:00\" \/>\n<meta property=\"og:image\" content=\"https:\/\/strim.si\/trgovina\/wp-content\/uploads\/2022\/03\/sharp-mx2651-1.jpg\" \/>\n\t<meta property=\"og:image:width\" content=\"500\" \/>\n\t<meta property=\"og:image:height\" content=\"500\" \/>\n\t<meta property=\"og:image:type\" content=\"image\/jpeg\" \/>\n<meta name=\"twitter:card\" content=\"summary_large_image\" \/>\n<meta name=\"twitter:label1\" content=\"Est. reading time\" \/>\n\t<meta name=\"twitter:data1\" content=\"1 minuta\" \/>\n<script type=\"application\/ld+json\" class=\"yoast-schema-graph\">{\"@context\":\"https:\/\/schema.org\",\"@graph\":[{\"@type\":\"WebPage\",\"@id\":\"https:\/\/strim.si\/trgovina\/product\/sharp-mx-2651\/\",\"url\":\"https:\/\/strim.si\/trgovina\/product\/sharp-mx-2651\/\",\"name\":\"SHARP MX-2651 (KOMPLET) - Strim plus\",\"isPartOf\":{\"@id\":\"https:\/\/strim.si\/trgovina\/#website\"},\"primaryImageOfPage\":{\"@id\":\"https:\/\/strim.si\/trgovina\/product\/sharp-mx-2651\/#primaryimage\"},\"image\":{\"@id\":\"https:\/\/strim.si\/trgovina\/product\/sharp-mx-2651\/#primaryimage\"},\"thumbnailUrl\":\"https:\/\/strim.si\/trgovina\/wp-content\/uploads\/2022\/03\/sharp-mx2651-1.jpg\",\"datePublished\":\"2022-03-08T11:17:58+00:00\",\"dateModified\":\"2025-04-16T10:28:45+00:00\",\"breadcrumb\":{\"@id\":\"https:\/\/strim.si\/trgovina\/product\/sharp-mx-2651\/#breadcrumb\"},\"inLanguage\":\"sl-SI\",\"potentialAction\":[{\"@type\":\"ReadAction\",\"target\":[\"https:\/\/strim.si\/trgovina\/product\/sharp-mx-2651\/\"]}]},{\"@type\":\"ImageObject\",\"inLanguage\":\"sl-SI\",\"@id\":\"https:\/\/strim.si\/trgovina\/product\/sharp-mx-2651\/#primaryimage\",\"url\":\"https:\/\/strim.si\/trgovina\/wp-content\/uploads\/2022\/03\/sharp-mx2651-1.jpg\",\"contentUrl\":\"https:\/\/strim.si\/trgovina\/wp-content\/uploads\/2022\/03\/sharp-mx2651-1.jpg\",\"width\":500,\"height\":500},{\"@type\":\"BreadcrumbList\",\"@id\":\"https:\/\/strim.si\/trgovina\/product\/sharp-mx-2651\/#breadcrumb\",\"itemListElement\":[{\"@type\":\"ListItem\",\"position\":1,\"name\":\"Home\",\"item\":\"https:\/\/strim.si\/trgovina\/\"},{\"@type\":\"ListItem\",\"position\":2,\"name\":\"Trgovina\",\"item\":\"https:\/\/strim.si\/trgovina\/trgovina\/\"},{\"@type\":\"ListItem\",\"position\":3,\"name\":\"SHARP MX-2651 (KOMPLET)\"}]},{\"@type\":\"WebSite\",\"@id\":\"https:\/\/strim.si\/trgovina\/#website\",\"url\":\"https:\/\/strim.si\/trgovina\/\",\"name\":\"Strim plus\",\"description\":\"spletna trgovina\",\"potentialAction\":[{\"@type\":\"SearchAction\",\"target\":{\"@type\":\"EntryPoint\",\"urlTemplate\":\"https:\/\/strim.si\/trgovina\/?s={search_term_string}\"},\"query-input\":\"required name=search_term_string\"}],\"inLanguage\":\"sl-SI\"}]}<\/script>\n<!-- \/ Yoast SEO plugin. -->","yoast_head_json":{"title":"SHARP MX-2651 (KOMPLET) - Strim plus","robots":{"index":"index","follow":"follow","max-snippet":"max-snippet:-1","max-image-preview":"max-image-preview:large","max-video-preview":"max-video-preview:-1"},"canonical":"https:\/\/strim.si\/trgovina\/product\/sharp-mx-2651\/","og_locale":"sl_SI","og_type":"article","og_title":"SHARP MX-2651 (KOMPLET) - Strim plus","og_description":"Barvna naprava MX-2651 A3 ponuja \u0161tevilne mo\u017enosti in nadgradnje za prilagodljivost va\u0161im potrebam v prihodnosti. Z optimizacijo produktivnosti je popolna za vsako zaposleno delovno skupino, ki potrebuje visoko zmogljivost, kakovostne barve in fleksibilnost.  S podporo za sekundarni LAN (dodatno) je zagotovljena isto\u010dasna podpora za dve omre\u017eji, funkcija Print Release uporabnikom omogo\u010da mo\u017enost po\u0161iljanja in shranjevanja dokumentov na glavni ve\u010dfunkcijski napravi, ki deluje kot stre\u017enik in omogo\u010da varna opravila tiskanja na do petih povezanih napravah z omre\u017eno pripravljenostjo. Dodatne funkcije za izbolj\u0161anje delovnega procesa vklju\u010dujejo povezljivost v oblaku z enkratnim vpisom, mobilno povezljivost prek Wi-Fi in USB ter neposredno tiskanje datotek MS Office.  10,1-pal\u010dni barvni LCD zaslon na dotik z nagibom omogo\u010da pristop upravljanja z ikonami povleci in spusti za preprosto prilagajanje doma\u010de strani in komunikacijski indikatorji, ki prikazujejo stanje ve\u010dfunkcijske naprave. Vsakodnevno upravljanje je preprosto in intuitivno; \u017ee z dotikom, potegom, pribli\u017eevanjem in \u0161irjenjem prstov boste lahko takoj uporabili \u0161tevilne funkcije in nastavitve, kot je napredni predogled.  Hitrosti tiskanja in kopiranja do 26 strani na minuto v barvah in \u010drno-beli tehniki, vgrajen reverzibilen enojni podajalec za 100 listov in hitrosti opti\u010dnega branja do 80 originalov na minuto; vse to za izbolj\u0161ano u\u010dinkovitost in produktivnost. Z lo\u010dljivostjo tiskanja 9600 x 600 dpi, avtomatskim nadzorom procesov in sistemom Developer Refresh je na voljo stalna visoka kakovost slike. Najve\u010dja kapaciteta papirja je 6.300 listov, \u0161irok razpon medijev (do SRA3 in 300 gsm) pa zagotavlja, da boste s to napravo zlahka zadostili va\u0161im potrebam. Poleg tega so na voljo \u0161tevilne mo\u017enosti kon\u010dne obdelave, kot so vezava, ro\u010dno spenjanje in spenjanje brez sponk za dodatno vsestranskost. Izbor robustnih varnostnih funkcij ohranja va\u0161e podatke in omre\u017eje varne, vklju\u010dno z nadzorom dostopa, \u0161ifriranjem podatkov in S\/MIME ter samonadzorovanim sistemom vdelane programske opreme, overjanjem certifikata SSL in belo listo za izvajanje programov.  MX-2651 uporablja Sharpovo najnovej\u0161o re\u0161itev var\u010devanja z energijo. Izredno hiter \u010das zagona, nizka poraba energije in nizka vrednost TEC stremi k var\u010devanju denarja in podpira va\u0161e okoljevarstvene cilje. Poleg tega funkcija samodejnega izlo\u010danja kartu\u0161e tonerja zagotavlja porabo celotnega tonerja in s tem var\u010devanje virov.","og_url":"https:\/\/strim.si\/trgovina\/product\/sharp-mx-2651\/","og_site_name":"Strim plus","article_modified_time":"2025-04-16T10:28:45+00:00","og_image":[{"width":500,"height":500,"url":"https:\/\/strim.si\/trgovina\/wp-content\/uploads\/2022\/03\/sharp-mx2651-1.jpg","type":"image\/jpeg"}],"twitter_card":"summary_large_image","twitter_misc":{"Est. reading time":"1 minuta"},"schema":{"@context":"https:\/\/schema.org","@graph":[{"@type":"WebPage","@id":"https:\/\/strim.si\/trgovina\/product\/sharp-mx-2651\/","url":"https:\/\/strim.si\/trgovina\/product\/sharp-mx-2651\/","name":"SHARP MX-2651 (KOMPLET) - Strim plus","isPartOf":{"@id":"https:\/\/strim.si\/trgovina\/#website"},"primaryImageOfPage":{"@id":"https:\/\/strim.si\/trgovina\/product\/sharp-mx-2651\/#primaryimage"},"image":{"@id":"https:\/\/strim.si\/trgovina\/product\/sharp-mx-2651\/#primaryimage"},"thumbnailUrl":"https:\/\/strim.si\/trgovina\/wp-content\/uploads\/2022\/03\/sharp-mx2651-1.jpg","datePublished":"2022-03-08T11:17:58+00:00","dateModified":"2025-04-16T10:28:45+00:00","breadcrumb":{"@id":"https:\/\/strim.si\/trgovina\/product\/sharp-mx-2651\/#breadcrumb"},"inLanguage":"sl-SI","potentialAction":[{"@type":"ReadAction","target":["https:\/\/strim.si\/trgovina\/product\/sharp-mx-2651\/"]}]},{"@type":"ImageObject","inLanguage":"sl-SI","@id":"https:\/\/strim.si\/trgovina\/product\/sharp-mx-2651\/#primaryimage","url":"https:\/\/strim.si\/trgovina\/wp-content\/uploads\/2022\/03\/sharp-mx2651-1.jpg","contentUrl":"https:\/\/strim.si\/trgovina\/wp-content\/uploads\/2022\/03\/sharp-mx2651-1.jpg","width":500,"height":500},{"@type":"BreadcrumbList","@id":"https:\/\/strim.si\/trgovina\/product\/sharp-mx-2651\/#breadcrumb","itemListElement":[{"@type":"ListItem","position":1,"name":"Home","item":"https:\/\/strim.si\/trgovina\/"},{"@type":"ListItem","position":2,"name":"Trgovina","item":"https:\/\/strim.si\/trgovina\/trgovina\/"},{"@type":"ListItem","position":3,"name":"SHARP MX-2651 (KOMPLET)"}]},{"@type":"WebSite","@id":"https:\/\/strim.si\/trgovina\/#website","url":"https:\/\/strim.si\/trgovina\/","name":"Strim plus","description":"spletna trgovina","potentialAction":[{"@type":"SearchAction","target":{"@type":"EntryPoint","urlTemplate":"https:\/\/strim.si\/trgovina\/?s={search_term_string}"},"query-input":"required name=search_term_string"}],"inLanguage":"sl-SI"}]}},"_links":{"self":[{"href":"https:\/\/strim.si\/trgovina\/wp-json\/wp\/v2\/product\/8403","targetHints":{"allow":["GET"]}}],"collection":[{"href":"https:\/\/strim.si\/trgovina\/wp-json\/wp\/v2\/product"}],"about":[{"href":"https:\/\/strim.si\/trgovina\/wp-json\/wp\/v2\/types\/product"}],"wp:featuredmedia":[{"embeddable":true,"href":"https:\/\/strim.si\/trgovina\/wp-json\/wp\/v2\/media\/8405"}],"wp:attachment":[{"href":"https:\/\/strim.si\/trgovina\/wp-json\/wp\/v2\/media?parent=8403"}],"wp:term":[{"taxonomy":"product_cat","embeddable":true,"href":"https:\/\/strim.si\/trgovina\/wp-json\/wp\/v2\/product_cat?post=8403"},{"taxonomy":"product_tag","embeddable":true,"href":"https:\/\/strim.si\/trgovina\/wp-json\/wp\/v2\/product_tag?post=8403"}],"curies":[{"name":"wp","href":"https:\/\/api.w.org\/{rel}","templated":true}]}}