{"id":8686,"date":"2024-02-22T12:59:39","date_gmt":"2024-02-22T11:59:39","guid":{"rendered":"https:\/\/strim.si\/trgovina\/?post_type=product&#038;p=8686"},"modified":"2024-03-20T15:02:04","modified_gmt":"2024-03-20T14:02:04","slug":"notranji-p3w-led-pingvin","status":"publish","type":"product","link":"https:\/\/strim.si\/trgovina\/product\/notranji-p3w-led-pingvin\/","title":{"rendered":"Notranji P3W LED pingvin"},"content":{"rendered":"","protected":false},"excerpt":{"rendered":"<p dir=\"ltr\" data-placeholder=\"Traduzione\">LED Totem je novost na slovenskem trgu, je v bistvu LED zaslon v obliki totema oziroma t.i. pingvina. Ta model je namenjen notranji uporabi.<\/p>\n<p dir=\"ltr\" data-placeholder=\"Traduzione\">LED Totem je ena naprava za vse namene, ki vam pridejo na misel!Podpira povezavo&nbsp;<strong>WIFI, USB, HDMI<\/strong>&nbsp;in&nbsp;<strong>omre\u017enega kabla<\/strong>&nbsp;.&nbsp;Uporabniki lahko uporabljajo ra\u010dunalnik ali pametni telefon za upravljanje nalaganja vsebin.&nbsp;Ima&nbsp;<strong>vgrajen sinhroni in asinhroni multi-mode multimedijski predvajalnik<\/strong>&nbsp;za doseganje pove\u010dave\/pomanj&scaron;ave v realnem \u010dasu brez video procesorja.<\/p>\n<p dir=\"ltr\" data-placeholder=\"Traduzione\">LED Totem ima 8 GB pomnilnika, vendar podpira raz&scaron;iritev USB, zato ni omejitve pomnilnika! Ni potrebno predznanje ali posebne naprave:&nbsp;<strong>va&scaron; pametni telefon je vse, kar potrebujete! <\/strong>Preprosto prenesite na&scaron;o&nbsp;<strong>aplikacijo<\/strong>&nbsp;na svoj telefon ali na&scaron;o&nbsp;<strong>programsko opremo<\/strong>&nbsp;na svoj ra\u010dunalnik in v nekaj trenutkih lahko nalo\u017eite svojo digitalno komunikacijo na na&scaron;e LED zaslone ali na svoj novi digitalni znak.<\/p>\n<p dir=\"ltr\" data-placeholder=\"Traduzione\">Uporablja se lahko posamezno, glavna prednost je fleksibilnost, lahko se jih&nbsp;<strong>pove\u017ee ve\u010d&nbsp;<\/strong>(do 12!) za reprodukcijo videoposnetkov, slik in besedila na enem velikem zaslonu. LED Totem je enostaven za prena&scaron;anje in premikanje je re&scaron;itev, ki ste jo \u010dakali! <\/p>\n<p>Poleg <strong>stoje\u010dega<\/strong> na\u010dina LED Totem podpira tudi druge&nbsp;<strong>na\u010dine namestitve<\/strong>&nbsp;:<\/p>\n<div>\n<div>\n<ul>\n<li dir=\"ltr\" data-placeholder=\"Traduzione\">zidna<\/li>\n<li dir=\"ltr\" data-placeholder=\"Traduzione\">vise\u010da<\/li>\n<li dir=\"ltr\" data-placeholder=\"Traduzione\">v ustvarjalnih kompozicijah <\/li>\n<\/ul>\n<p>Na&scaron; LED zaslon je mogo\u010de namestiti&nbsp;<strong>navpi\u010dno<\/strong>, pa tudi&nbsp;<strong>vodoravno<\/strong>, da zadovolji vse potrebe po namestitvi.<\/div>\n<\/div>\n","protected":false},"featured_media":8687,"template":"","meta":{"_acf_changed":false},"product_cat":[88,51],"product_tag":[],"class_list":["post-8686","product","type-product","status-publish","has-post-thumbnail","hentry","product_cat-digitalni-led-pingvini","product_cat-pametni-zasloni"],"acf":[],"yoast_head":"<!-- This site is optimized with the Yoast SEO plugin v22.3 - https:\/\/yoast.com\/wordpress\/plugins\/seo\/ -->\n<title>Notranji P3W LED pingvin - Strim plus<\/title>\n<meta name=\"robots\" content=\"index, follow, max-snippet:-1, max-image-preview:large, max-video-preview:-1\" \/>\n<link rel=\"canonical\" href=\"https:\/\/strim.si\/trgovina\/product\/notranji-p3w-led-pingvin\/\" \/>\n<meta property=\"og:locale\" content=\"sl_SI\" \/>\n<meta property=\"og:type\" content=\"article\" \/>\n<meta property=\"og:title\" content=\"Notranji P3W LED pingvin - Strim plus\" \/>\n<meta property=\"og:description\" content=\"LED Totem je novost na slovenskem trgu, je v bistvu LED zaslon v obliki totema oziroma t.i. pingvina. Ta model je namenjen notranji uporabi. LED Totem je ena naprava za vse namene, ki vam pridejo na misel!Podpira povezavo&nbsp;WIFI, USB, HDMI&nbsp;in&nbsp;omre\u017enega kabla&nbsp;.&nbsp;Uporabniki lahko uporabljajo ra\u010dunalnik ali pametni telefon za upravljanje nalaganja vsebin.&nbsp;Ima&nbsp;vgrajen sinhroni in asinhroni multi-mode multimedijski predvajalnik&nbsp;za doseganje pove\u010dave\/pomanj&scaron;ave v realnem \u010dasu brez video procesorja. LED Totem ima 8 GB pomnilnika, vendar podpira raz&scaron;iritev USB, zato ni omejitve pomnilnika! Ni potrebno predznanje ali posebne naprave:&nbsp;va&scaron; pametni telefon je vse, kar potrebujete! Preprosto prenesite na&scaron;o&nbsp;aplikacijo&nbsp;na svoj telefon ali na&scaron;o&nbsp;programsko opremo&nbsp;na svoj ra\u010dunalnik in v nekaj trenutkih lahko nalo\u017eite svojo digitalno komunikacijo na na&scaron;e LED zaslone ali na svoj novi digitalni znak. Uporablja se lahko posamezno, glavna prednost je fleksibilnost, lahko se jih&nbsp;pove\u017ee ve\u010d&nbsp;(do 12!) za reprodukcijo videoposnetkov, slik in besedila na enem velikem zaslonu. LED Totem je enostaven za prena&scaron;anje in premikanje je re&scaron;itev, ki ste jo \u010dakali!  Poleg stoje\u010dega na\u010dina LED Totem podpira tudi druge&nbsp;na\u010dine namestitve&nbsp;:    zidna vise\u010da v ustvarjalnih kompozicijah   Na&scaron; LED zaslon je mogo\u010de namestiti&nbsp;navpi\u010dno, pa tudi&nbsp;vodoravno, da zadovolji vse potrebe po namestitvi.\" \/>\n<meta property=\"og:url\" content=\"https:\/\/strim.si\/trgovina\/product\/notranji-p3w-led-pingvin\/\" \/>\n<meta property=\"og:site_name\" content=\"Strim plus\" \/>\n<meta property=\"article:modified_time\" content=\"2024-03-20T14:02:04+00:00\" \/>\n<meta property=\"og:image\" content=\"https:\/\/strim.si\/trgovina\/wp-content\/uploads\/2024\/02\/notranji-led-pingvini.png\" \/>\n\t<meta property=\"og:image:width\" content=\"407\" \/>\n\t<meta property=\"og:image:height\" content=\"438\" \/>\n\t<meta property=\"og:image:type\" content=\"image\/png\" \/>\n<meta name=\"twitter:card\" content=\"summary_large_image\" \/>\n<meta name=\"twitter:label1\" content=\"Est. reading time\" \/>\n\t<meta name=\"twitter:data1\" content=\"1 minuta\" \/>\n<script type=\"application\/ld+json\" class=\"yoast-schema-graph\">{\"@context\":\"https:\/\/schema.org\",\"@graph\":[{\"@type\":\"WebPage\",\"@id\":\"https:\/\/strim.si\/trgovina\/product\/notranji-p3w-led-pingvin\/\",\"url\":\"https:\/\/strim.si\/trgovina\/product\/notranji-p3w-led-pingvin\/\",\"name\":\"Notranji P3W LED pingvin - Strim plus\",\"isPartOf\":{\"@id\":\"https:\/\/strim.si\/trgovina\/#website\"},\"primaryImageOfPage\":{\"@id\":\"https:\/\/strim.si\/trgovina\/product\/notranji-p3w-led-pingvin\/#primaryimage\"},\"image\":{\"@id\":\"https:\/\/strim.si\/trgovina\/product\/notranji-p3w-led-pingvin\/#primaryimage\"},\"thumbnailUrl\":\"https:\/\/strim.si\/trgovina\/wp-content\/uploads\/2024\/02\/notranji-led-pingvini.png\",\"datePublished\":\"2024-02-22T11:59:39+00:00\",\"dateModified\":\"2024-03-20T14:02:04+00:00\",\"breadcrumb\":{\"@id\":\"https:\/\/strim.si\/trgovina\/product\/notranji-p3w-led-pingvin\/#breadcrumb\"},\"inLanguage\":\"sl-SI\",\"potentialAction\":[{\"@type\":\"ReadAction\",\"target\":[\"https:\/\/strim.si\/trgovina\/product\/notranji-p3w-led-pingvin\/\"]}]},{\"@type\":\"ImageObject\",\"inLanguage\":\"sl-SI\",\"@id\":\"https:\/\/strim.si\/trgovina\/product\/notranji-p3w-led-pingvin\/#primaryimage\",\"url\":\"https:\/\/strim.si\/trgovina\/wp-content\/uploads\/2024\/02\/notranji-led-pingvini.png\",\"contentUrl\":\"https:\/\/strim.si\/trgovina\/wp-content\/uploads\/2024\/02\/notranji-led-pingvini.png\",\"width\":407,\"height\":438},{\"@type\":\"BreadcrumbList\",\"@id\":\"https:\/\/strim.si\/trgovina\/product\/notranji-p3w-led-pingvin\/#breadcrumb\",\"itemListElement\":[{\"@type\":\"ListItem\",\"position\":1,\"name\":\"Home\",\"item\":\"https:\/\/strim.si\/trgovina\/\"},{\"@type\":\"ListItem\",\"position\":2,\"name\":\"Trgovina\",\"item\":\"https:\/\/strim.si\/trgovina\/trgovina\/\"},{\"@type\":\"ListItem\",\"position\":3,\"name\":\"Notranji P3W LED pingvin\"}]},{\"@type\":\"WebSite\",\"@id\":\"https:\/\/strim.si\/trgovina\/#website\",\"url\":\"https:\/\/strim.si\/trgovina\/\",\"name\":\"Strim plus\",\"description\":\"spletna trgovina\",\"potentialAction\":[{\"@type\":\"SearchAction\",\"target\":{\"@type\":\"EntryPoint\",\"urlTemplate\":\"https:\/\/strim.si\/trgovina\/?s={search_term_string}\"},\"query-input\":\"required name=search_term_string\"}],\"inLanguage\":\"sl-SI\"}]}<\/script>\n<!-- \/ Yoast SEO plugin. -->","yoast_head_json":{"title":"Notranji P3W LED pingvin - Strim plus","robots":{"index":"index","follow":"follow","max-snippet":"max-snippet:-1","max-image-preview":"max-image-preview:large","max-video-preview":"max-video-preview:-1"},"canonical":"https:\/\/strim.si\/trgovina\/product\/notranji-p3w-led-pingvin\/","og_locale":"sl_SI","og_type":"article","og_title":"Notranji P3W LED pingvin - Strim plus","og_description":"LED Totem je novost na slovenskem trgu, je v bistvu LED zaslon v obliki totema oziroma t.i. pingvina. Ta model je namenjen notranji uporabi. LED Totem je ena naprava za vse namene, ki vam pridejo na misel!Podpira povezavo&nbsp;WIFI, USB, HDMI&nbsp;in&nbsp;omre\u017enega kabla&nbsp;.&nbsp;Uporabniki lahko uporabljajo ra\u010dunalnik ali pametni telefon za upravljanje nalaganja vsebin.&nbsp;Ima&nbsp;vgrajen sinhroni in asinhroni multi-mode multimedijski predvajalnik&nbsp;za doseganje pove\u010dave\/pomanj&scaron;ave v realnem \u010dasu brez video procesorja. LED Totem ima 8 GB pomnilnika, vendar podpira raz&scaron;iritev USB, zato ni omejitve pomnilnika! Ni potrebno predznanje ali posebne naprave:&nbsp;va&scaron; pametni telefon je vse, kar potrebujete! Preprosto prenesite na&scaron;o&nbsp;aplikacijo&nbsp;na svoj telefon ali na&scaron;o&nbsp;programsko opremo&nbsp;na svoj ra\u010dunalnik in v nekaj trenutkih lahko nalo\u017eite svojo digitalno komunikacijo na na&scaron;e LED zaslone ali na svoj novi digitalni znak. Uporablja se lahko posamezno, glavna prednost je fleksibilnost, lahko se jih&nbsp;pove\u017ee ve\u010d&nbsp;(do 12!) za reprodukcijo videoposnetkov, slik in besedila na enem velikem zaslonu. LED Totem je enostaven za prena&scaron;anje in premikanje je re&scaron;itev, ki ste jo \u010dakali!  Poleg stoje\u010dega na\u010dina LED Totem podpira tudi druge&nbsp;na\u010dine namestitve&nbsp;:    zidna vise\u010da v ustvarjalnih kompozicijah   Na&scaron; LED zaslon je mogo\u010de namestiti&nbsp;navpi\u010dno, pa tudi&nbsp;vodoravno, da zadovolji vse potrebe po namestitvi.","og_url":"https:\/\/strim.si\/trgovina\/product\/notranji-p3w-led-pingvin\/","og_site_name":"Strim plus","article_modified_time":"2024-03-20T14:02:04+00:00","og_image":[{"width":407,"height":438,"url":"https:\/\/strim.si\/trgovina\/wp-content\/uploads\/2024\/02\/notranji-led-pingvini.png","type":"image\/png"}],"twitter_card":"summary_large_image","twitter_misc":{"Est. reading time":"1 minuta"},"schema":{"@context":"https:\/\/schema.org","@graph":[{"@type":"WebPage","@id":"https:\/\/strim.si\/trgovina\/product\/notranji-p3w-led-pingvin\/","url":"https:\/\/strim.si\/trgovina\/product\/notranji-p3w-led-pingvin\/","name":"Notranji P3W LED pingvin - Strim plus","isPartOf":{"@id":"https:\/\/strim.si\/trgovina\/#website"},"primaryImageOfPage":{"@id":"https:\/\/strim.si\/trgovina\/product\/notranji-p3w-led-pingvin\/#primaryimage"},"image":{"@id":"https:\/\/strim.si\/trgovina\/product\/notranji-p3w-led-pingvin\/#primaryimage"},"thumbnailUrl":"https:\/\/strim.si\/trgovina\/wp-content\/uploads\/2024\/02\/notranji-led-pingvini.png","datePublished":"2024-02-22T11:59:39+00:00","dateModified":"2024-03-20T14:02:04+00:00","breadcrumb":{"@id":"https:\/\/strim.si\/trgovina\/product\/notranji-p3w-led-pingvin\/#breadcrumb"},"inLanguage":"sl-SI","potentialAction":[{"@type":"ReadAction","target":["https:\/\/strim.si\/trgovina\/product\/notranji-p3w-led-pingvin\/"]}]},{"@type":"ImageObject","inLanguage":"sl-SI","@id":"https:\/\/strim.si\/trgovina\/product\/notranji-p3w-led-pingvin\/#primaryimage","url":"https:\/\/strim.si\/trgovina\/wp-content\/uploads\/2024\/02\/notranji-led-pingvini.png","contentUrl":"https:\/\/strim.si\/trgovina\/wp-content\/uploads\/2024\/02\/notranji-led-pingvini.png","width":407,"height":438},{"@type":"BreadcrumbList","@id":"https:\/\/strim.si\/trgovina\/product\/notranji-p3w-led-pingvin\/#breadcrumb","itemListElement":[{"@type":"ListItem","position":1,"name":"Home","item":"https:\/\/strim.si\/trgovina\/"},{"@type":"ListItem","position":2,"name":"Trgovina","item":"https:\/\/strim.si\/trgovina\/trgovina\/"},{"@type":"ListItem","position":3,"name":"Notranji P3W LED pingvin"}]},{"@type":"WebSite","@id":"https:\/\/strim.si\/trgovina\/#website","url":"https:\/\/strim.si\/trgovina\/","name":"Strim plus","description":"spletna trgovina","potentialAction":[{"@type":"SearchAction","target":{"@type":"EntryPoint","urlTemplate":"https:\/\/strim.si\/trgovina\/?s={search_term_string}"},"query-input":"required name=search_term_string"}],"inLanguage":"sl-SI"}]}},"_links":{"self":[{"href":"https:\/\/strim.si\/trgovina\/wp-json\/wp\/v2\/product\/8686","targetHints":{"allow":["GET"]}}],"collection":[{"href":"https:\/\/strim.si\/trgovina\/wp-json\/wp\/v2\/product"}],"about":[{"href":"https:\/\/strim.si\/trgovina\/wp-json\/wp\/v2\/types\/product"}],"wp:featuredmedia":[{"embeddable":true,"href":"https:\/\/strim.si\/trgovina\/wp-json\/wp\/v2\/media\/8687"}],"wp:attachment":[{"href":"https:\/\/strim.si\/trgovina\/wp-json\/wp\/v2\/media?parent=8686"}],"wp:term":[{"taxonomy":"product_cat","embeddable":true,"href":"https:\/\/strim.si\/trgovina\/wp-json\/wp\/v2\/product_cat?post=8686"},{"taxonomy":"product_tag","embeddable":true,"href":"https:\/\/strim.si\/trgovina\/wp-json\/wp\/v2\/product_tag?post=8686"}],"curies":[{"name":"wp","href":"https:\/\/api.w.org\/{rel}","templated":true}]}}